{"id":8546,"date":"2023-04-20T22:06:25","date_gmt":"2023-04-20T22:06:25","guid":{"rendered":"https:\/\/probrillos.cl\/?page_id=8546"},"modified":"2024-12-12T14:13:07","modified_gmt":"2024-12-12T14:13:07","slug":"quienes-somos","status":"publish","type":"page","link":"https:\/\/probrillos.cl\/index.php\/quienes-somos\/","title":{"rendered":"Quienes Somos"},"content":{"rendered":"<section class=\"l-section wpb_row height_custom\"><div class=\"l-section-h i-cf\"><div class=\"g-cols vc_row via_flex valign_top type_default stacking_default\"><div class=\"vc_col-sm-12 wpb_column vc_column_container\"><div class=\"vc_column-inner\"><div class=\"wpb_wrapper\"><div class=\"g-cols wpb_row us_custom_6df4bc3a has_text_color via_flex valign_middle type_default stacking_default\"><div class=\"vc_col-sm-12 wpb_column vc_column_container has_bg_color\"><div class=\"vc_column-inner us_custom_57da03b7\"><div class=\"wpb_wrapper\"><div class=\"w-separator size_medium\"><\/div><h3 class=\"w-text us_custom_1f257949\"><span class=\"w-text-h\"><span class=\"w-text-value\">Qui\u00e9nes Somos<\/span><\/span><\/h3><div class=\"wpb_text_column\"><div class=\"wpb_wrapper\"><h1>ProBrillos: Limpieza a<br \/>\ntu medida, brillo en<br \/>\ncada rinc\u00f3n<\/h1>\n<\/div><\/div><div class=\"w-separator size_medium\"><\/div><\/div><\/div><\/div><\/div><\/div><\/div><\/div><\/div><\/div><\/section><section class=\"l-section wpb_row us_custom_ed1d14ae height_custom\"><div class=\"l-section-h i-cf\"><div class=\"g-cols vc_row via_flex valign_top type_default stacking_default\"><div class=\"vc_col-sm-4 wpb_column vc_column_container hide_on_mobiles\"><div class=\"vc_column-inner\"><div class=\"wpb_wrapper\"><div class=\"w-image align_none\"><div class=\"w-image-h\"><img decoding=\"async\" width=\"304\" height=\"480\" src=\"https:\/\/probrillos.cl\/wp-content\/uploads\/2023\/04\/Rectangle-41.png\" class=\"attachment-full size-full\" alt=\"\" loading=\"lazy\" \/><\/div><\/div><\/div><\/div><\/div><div class=\"vc_col-sm-4 wpb_column vc_column_container\"><div class=\"vc_column-inner\"><div class=\"wpb_wrapper\"><div class=\"w-image us_custom_bdb6890d has_height align_center\"><div class=\"w-image-h\"><img decoding=\"async\" width=\"202\" height=\"238\" src=\"https:\/\/probrillos.cl\/wp-content\/uploads\/2024\/12\/Probrillos-Quienes-Somos-07.png\" class=\"attachment-full size-full\" alt=\"\" loading=\"lazy\" \/><\/div><\/div><div class=\"w-separator size_medium\"><\/div><div class=\"wpb_text_column\"><div class=\"wpb_wrapper\"><h2 style=\"text-align: center;\"><strong>ProBrillos: Tu aliado en la <\/strong><strong>limpieza del hogar<\/strong><\/h2>\n<\/div><\/div><div class=\"w-separator size_medium\"><\/div><div class=\"wpb_text_column\"><div class=\"wpb_wrapper\"><p style=\"text-align: center;\">En ProBrillos transformamos tu hogar con servicios de limpieza dise\u00f1ados a tu medida. Nuestro equipo profesional utiliza productos de alta calidad para garantizar resultados. Ofrecemos soluciones flexibles, adapt\u00e1ndonos a tus horarios con opciones regulares o puntuales. Disfruta de un hogar limpio y ordenado sin complicaciones \u00a1Conf\u00eda en ProBrillos para un espacio reluciente!<\/p>\n<\/div><\/div><div class=\"w-separator size_small\"><\/div><div class=\"w-btn-wrapper align_center\"><a class=\"w-btn us-btn-style_1\" href=\"\/index.php\/contacto\/\"><span class=\"w-btn-label\">Contactar<\/span><\/a><\/div><\/div><\/div><\/div><div class=\"vc_col-sm-4 wpb_column vc_column_container hide_on_mobiles\"><div class=\"vc_column-inner\"><div class=\"wpb_wrapper\"><div class=\"w-separator size_huge\"><\/div><div class=\"w-separator size_medium\"><\/div><div class=\"w-image align_right\"><div class=\"w-image-h\"><img decoding=\"async\" width=\"281\" height=\"546\" src=\"https:\/\/probrillos.cl\/wp-content\/uploads\/2023\/04\/Rectangle-182-e1734011781855.png\" class=\"attachment-full size-full\" alt=\"\" loading=\"lazy\" \/><\/div><\/div><\/div><\/div><\/div><\/div><\/div><\/section><section class=\"l-section wpb_row height_custom\"><div class=\"l-section-h i-cf\"><div class=\"g-cols vc_row via_flex valign_top type_default stacking_default\"><div class=\"vc_col-sm-12 wpb_column vc_column_container\"><div class=\"vc_column-inner\"><div class=\"wpb_wrapper\"><div class=\"g-cols wpb_row us_custom_6df4bc3a has_text_color via_flex valign_middle type_default stacking_default\"><div class=\"vc_col-sm-12 wpb_column vc_column_container has_bg_color\"><div class=\"vc_column-inner us_custom_0759de7a\"><div class=\"wpb_wrapper\"><div class=\"w-separator size_medium\"><\/div><div class=\"wpb_text_column\"><div class=\"wpb_wrapper\"><h1 style=\"text-align: center;\">\u00a1Descubre la tranquilidad<br \/>\nde un hogar reluciente<br \/>\ncon ProBrillos!<\/h1>\n<\/div><\/div><div class=\"w-separator size_medium\"><\/div><\/div><\/div><\/div><\/div><\/div><\/div><\/div><\/div><\/div><\/section>\n","protected":false},"excerpt":{"rendered":"Qui\u00e9nes SomosProBrillos: Limpieza a tu medida, brillo en cada rinc\u00f3n ProBrillos: Tu aliado en la limpieza del hogar En ProBrillos transformamos tu hogar con servicios de limpieza dise\u00f1ados a tu medida. Nuestro equipo profesional utiliza productos de alta calidad para garantizar resultados. Ofrecemos soluciones flexibles, adapt\u00e1ndonos a tus horarios con opciones regulares o puntuales. Disfruta...","protected":false},"author":2,"featured_media":0,"parent":0,"menu_order":0,"comment_status":"closed","ping_status":"closed","template":"","meta":{"footnotes":""},"class_list":["post-8546","page","type-page","status-publish","hentry"],"acf":[],"_links":{"self":[{"href":"https:\/\/probrillos.cl\/index.php\/wp-json\/wp\/v2\/pages\/8546","targetHints":{"allow":["GET"]}}],"collection":[{"href":"https:\/\/probrillos.cl\/index.php\/wp-json\/wp\/v2\/pages"}],"about":[{"href":"https:\/\/probrillos.cl\/index.php\/wp-json\/wp\/v2\/types\/page"}],"author":[{"embeddable":true,"href":"https:\/\/probrillos.cl\/index.php\/wp-json\/wp\/v2\/users\/2"}],"replies":[{"embeddable":true,"href":"https:\/\/probrillos.cl\/index.php\/wp-json\/wp\/v2\/comments?post=8546"}],"version-history":[{"count":15,"href":"https:\/\/probrillos.cl\/index.php\/wp-json\/wp\/v2\/pages\/8546\/revisions"}],"predecessor-version":[{"id":9163,"href":"https:\/\/probrillos.cl\/index.php\/wp-json\/wp\/v2\/pages\/8546\/revisions\/9163"}],"wp:attachment":[{"href":"https:\/\/probrillos.cl\/index.php\/wp-json\/wp\/v2\/media?parent=8546"}],"curies":[{"name":"wp","href":"https:\/\/api.w.org\/{rel}","templated":true}]}}